- 31*y + 102. What is c(29)?
44
Let x(t) = -2*t**3 + 3*t**2 - 8*t + 9. Determine x(4).
-103
Let y(f) = -f + 26. Calculate y(8).
18
Let k(d) = d**2 + 9*d + 15. What is k(-7)?
1
Let k(a) = 4*a**3 - a - 1. Give k(-2).
-31
Let b(r) = 2*r - 14. Give b(7).
0
Let l(r) = 3*r - 40. Determine l(12).
-4
Let l(r) = -r**3 + 14*r**2 + 16*r - 19. Determine l(15).
-4
Let b(d) = 4*d + 9. Give b(-2).
1
Let w(k) = 21*k**2 + k - 2. Give w(1).
20
Let r(m) = -30*m - 268. What is r(-9)?
2
Let t(q) = q**3 + 3*q**2 + q + 2. Determine t(-5).
-53
Let m(t) = t**3 - 6*t**2 - 2*t + 7. Give m(6).
-5
Let a(b) = -b + 13. Calculate a(8).
5
Let q(l) = -l**2 - 11*l - 6. Give q(-8).
18
Let d(n) = -n**2 + 21*n. Give d(21).
0
Let c(f) = f**2 + 10*f. Give c(-9).
-9
Let k(x) = -x**2 + 10*x + 4. Calculate k(9).
13
Let f(o) = o**2 + 5*o + 4. Give f(-3).
-2
Let b(f) = f**3 - 5*f**2 - 6*f - 3. Calculate b(6).
-3
Let d(n) = n**3 - n**2 + 6. What is d(0)?
6
Let c(k) = -2*k + 5. Give c(-1).
7
Let i(t) = 8*t + 14. Calculate i(-4).
-18
Let n(g) = 103*g - 395. Give n(4).
17
Let j(y) = -y**3 - 9*y**2 + 15*y + 2. Determine j(-10).
-48
Let n(i) = -i**2 + 14*i + 4. Calculate n(6).
52
Let u(g) = 13*g - 131. Give u(10).
-1
Let x(g) = 17*g. Calculate x(-1).
-17
Let w(p) = -3*p - 20. Determine w(-7).
1
Let v(u) = 15*u + 231. Calculate v(-16).
-9
Let p(o) = o**3 - 3*o**2 + 11*o - 29. Calculate p(3).
4
Let f(a) = -a**3 + 13*a**2 - 18*a + 21. Determine f(11).
65
Let t(q) = -9*q**2 - 57*q - 20. What is t(-6)?
-2
Let p(s) = s**2 + 14*s + 22. Give p(-11).
-11
Let p(q) = -14*q - 3. Give p(2).
-31
Let g(j) = 17*j - 192. Determine g(11).
-5
Let h(c) = 2*c + 82. Calculate h(-25).
32
Let p(m) = -4*m**3 + 16*m**2 + 6. Determine p(3).
42
Let x(l) = 3*l + 31. Give x(-8).
7
Let v(a) = -a**3 + 13*a**2 + 16*a - 20. Calculate v(14).
8
Let m(p) = 8*p + 21. Calculate m(5).
61
Let x(u) = u**3 + 14*u**2 + 14*u + 10. Determine x(-13).
-3
Let c(v) = 9*v + 13. What is c(4)?
49
Let u(l) = l - 47. Calculate u(19).
-28
Let a(s) = -s**3 - 8*s**2 - 4*s + 11. Give a(-6).
-37
Let r(b) = -b**3 - 27*b**2 + 27*b - 22. What is r(-28)?
6
Let y(x) = 2*x**2 - 4. Give y(-3).
14
Let y(n) = -n**3 + 7*n**2 + 7*n - 9. What is y(7)?
40
Let f(c) = c**2 + 6*c + 10. Determine f(-5).
5
Let v(z) = -50*z**3 - z**2 - z - 1. Calculate v(-1).
49
Let s(m) = 3*m**2 - 9*m + 3. Calculate s(2).
-3
Let k(x) = x**3 - 5*x**2 - 5*x - 1. Calculate k(6).
5
Let a(z) = -27*z - 5. What is a(2)?
-59
Let c(k) = -4*k + 17. Determine c(8).
-15
Let d(q) = -q**2 + 23*q - 46. Determine d(21).
-4
Let i(t) = -t**3 - 7*t**2 - 8*t - 7. Calculate i(-6).
5
Let c(o) = o**3 - 7*o**2 + 3*o + 19. Give c(6).
1
Let d(p) = -3*p - 40. Give d(-14).
2
Let k(i) = 2*i - 5. Give k(-7).
-19
Let m(v) = v + 35. What is m(-16)?
19
Let q(r) = -8*r + 28. Determine q(3).
4
Let s(v) = v + 11. Determine s(-6).
5
Let n(c) = -2*c + 22. Determine n(15).
-8
Let p(t) = -t**2 - 18*t - 21. Give p(-14).
35
Let o(c) = -c**2 - 10*c - 15. Give o(-9).
-6
Let n(s) = 9*s + 207. Calculate n(-22).
9
Let c(k) = 4*k - 7. What is c(-3)?
-19
Let x(t) = -t**3 + 7*t - 2. Determine x(3).
-8
Let t(u) = -u**2 - 9*u - 9. Determine t(-4).
11
Let k(d) = -3*d + 2. What is k(2)?
-4
Let r(j) = -j + 3. Give r(1).
2
Let z(t) = 5*t + 51. Give z(-7).
16
Let u(z) = -9*z - 327. Calculate u(-37).
6
Let h(c) = c**3 + 2*c**2 - c + 120. Determine h(0).
120
Let d(x) = x**2 + 5*x - 11. Calculate d(0).
-11
Let y(m) = 83*m + 77. Determine y(-1).
-6
Let o(k) = -k - 9. Calculate o(15).
-24
Let i(j) = -4*j**2 + j - 1. Give i(-1).
-6
Let z(a) = a + 7. What is z(-11)?
-4
Let o(g) = -g**2 + 20*g - 7. Determine o(13).
84
Let n(y) = -5*y - 1. Determine n(8).
-41
Let s(p) = -p**3 - p + 2. Calculate s(0).
2
Let m(c) = -24*c - 30. Determine m(-3).
42
Let x(k) = 23*k - 116. Give x(5).
-1
Let h(t) = 2*t + 38. Calculate h(-13).
12
Let j(t) = -2*t**2 - 14*t + 4. Determine j(-7).
4
Let o(i) = i - 23. Give o(6).
-17
Let i(b) = b**3 + 30*b**2 + 49*b - 196. What is i(-28)?
0
Let p(s) = 2*s**2 + 4*s + 6. Give p(-3).
12
Let f(h) = 5*h - 1. Calculate f(-3).
-16
Let v(s) = -s + 12. What is v(9)?
3
Let g(h) = -4*h**3 - h**2 - 1. Calculate g(-2).
27
Let n(k) = -k**2 - 17*k - 80. What is n(-9)?
-8
Let s(j) = -2*j**2 + 20*j + 3. Determine s(9).
21
Let h(f) = 8*f**2 + f. What is h(-4)?
124
Let j(y) = -4*y - 18. What is j(-11)?
26
Let v(c) = -c - 3. Determine v(3).
-6
Let u(w) = -3*w**3 - 2*w**2 + 3*w + 2. Calculate u(-2).
12
Let i(p) = -p**3 - 3*p**2 + 2*p - 21. Determine i(0).
-21
Let x(o) = 2*o**2 + 7*o + 11. Calculate x(-3).
8
Let k(g) = -18*g - 204. Give k(-11).
-6
Let x(j) = j**2 + 15*j + 1. What is x(-5)?
-49
Let w(g) = 4*g**2 + 10*g - 1. Determine w(-3).
5
Let l(g) = 4*g**3 + 11*g**2 - 9*g - 29. Calculate l(-3).
-11
Let d(n) = 14*n - 43. Give d(3).
-1
Let y(h) = h + 17. Give y(-11).
6
Let j(u) = -4*u + 60. Give j(13).
8
Let x(c) = -c**2 + 2*c - 6. Calculate x(4).
-14
Let i(f) = -11*f**2 - 31*f + 6. What is i(-3)?
0
Let g(y) = -y**2 - 10*y - 8. Determine g(-8).
8
Let l(y) = -y**3 - 6*y**2 + 6*y - 3. Give l(-6).
-39
Let w(f) = -f**3 + 21*f**2 - 36*f - 6. Give w(19).
32
Let d(m) = m**3 + 4*m**2 - 8*m - 2. Calculate d(-4).
30
Let s(p) = -2*p + 5. Determine s(5).
-5
Let q(o) = -o**2 - 5*o - 10. Calculate q(-5).
-10
Let k(p) = 198*p + 583. Give k(-3).
-11
Let m(w) = w**3 - 9*w**2 + 9*w - 9. Give m(8).
-1
Let f(h) = -14*h**2 - 3*h - 3. What is f(-1)?
-14
Let f(z) = z**2 - 12*z - 15. What is f(13)?
-2
Let x(i) = -3*i**2 - 15*i - 13. Give x(-3).
5
Let y(w) = -2*w**2 + 11*w - 9. What is y(7)?
-30
Let y(p) = p + 50. Give y(-32).
18
Let o(x) = -4*x**2 - 44*x - 41. Determine o(-10).
-1
Let t(z) = z**3 - 11*z**2 + 12*z + 7. Determine t(10).
27
Let p(d) = 9*d + 3. What is p(2)?
21
Let s(g) = 4*g**2 + 5*g + 3. Determine s(-5).
78
Let v(d) = -d**3 + 5*d**2 - d - 8. Determine v(4).
4
Let u(k) = 73*k - 1232. Calculate u(17).
9
Let b(h) = h**2 - 4*h - 91. Calculate b(0).
-91
Let w(p) = p**3 + 4*p**2 + 2*p - 1. Determine w(-3).
2
Let k(l) = l + 5. Give k(-6).
-1
Let w(y) = -10*y**2 + 2*y - 2. Determine w(1).
-10
Let u(y) = 34*y + 2. Give u(-3).
-100
Let q(b) = -5*b**2 - 6*b - 1. Give q(-6).
-145
Let p(r) = 4*r - 8. Determine p(5).
12
Let x(p) = p + 12. Determine x(-10).
2
Let i(z) = z**3 - 6*z**2 + z + 1. Give i(3).
-23
Let p(o) = -o**3 + 6*o**2 + 5*o - 6. Determine p(7).
-20
Let f(i) = -i**2 - 12*i - 28. What is f(-8)?
4
Let s(g) = 2*g + 3. Give s(-4).
-5
Let m(f) = -3*f + 10. What is m(11)?
-23
Let d(p) = -p**2 - 18*p - 10. What is d(-22)?
-98
Let s(u) = -u**3 - 7*u**2 + 7*u + 15. What is s(-8)?
23
Let x(s) = s**3 - 3*s**2 - s + 9. Determine x(-3).
-42
Let l(z) = 2*z**3 - 18*z**2 - 2*z + 3. What is l(9)?
-15
Let s(t) = -t**3 - 5*t**2 - 5*t - 10. Calculate s(-4).
-6
Let s(j) = -j**3 + 22*j**2 + 2*j - 57. Give s(22).
-13
Let k(v) = 3*v**2 + 22*v - 29. Give k(-11).
92
Let m(z) = 2*z + 25. Give m(-9).
7
Let z(d) = -d**3 + 9*d**2 - 14*d + 7. Calculate z(7).
7
Let t(v) = -v**3 + 14*v**2 + 14*v + 13. What is t(15)?
-2
Let z(s) = -3*s**2 - s + 4. Determine z(3).
-26
Let y(a) = -a**3 + 5*a**2 + 25*a - 11. Give y(8).
-3
Let q(k) = k**3 + 10*k**2 + 21*k - 6. What is q(-7)?
-6
Let x(o) = -52*o**3 + o**2 - o - 1. Calculate x(-1).
53
Let m(s) = -s**2 + 2*s + 21. What is m(0)?
21
Let r(b) = -49*b - 41. Give r(-3).
106
Let q(y) = 2*y**2 - 41*y + 24. Calculate q(20).
4
Let o(p) = 3*p - 16. Calculate o(5).
-1
Let a(u) = 58*u + 532. What is a(-9)?
10
Let q(g) = -g**3 + 3*g + 1. Calculate q(-2).
3
Let h(b) = b**2 + b - 8. Determine h(-4).
4
Let d(c) = -5*c**2 - 1. What is d(-1)?
-6
Let p(t) = -t**3 + 7*t**2 - 5*t + 1. What is p(2)?
11
Let t(k) = k**2 + 6*k + 9. What is t(-6)?
9
Let t(p) = -2*p**2 - 16*p - 72. Determine t(-6).
-48
Let q(r) = 8*r**2 - 3*r. Determine q(2).
26
Let j(p) = p + 3. Give j(-4).
-1
Let s(j) = 2*j**2 + 22*j - 6. Calculate s(-11).
-6
Let d(s) = -s**2 + 3*s - 1. Give d(6).
-19
Let a(k) = k**3 - 5*k**2 + k + 2. Determine a(4).
-10
Let x(k) = -k**3 + 3*k**2 + 17*k + 1. Determine x(6).
-5
Let m(z) = -2*z**2 + 5*z - 6. Determine m(2).
-4
Let d(k) = -k**2 - 18*k - 3. What is d(-18)?
-3
Let w(r) = r**2 + 11*r + 14. Give w(-9).
-4
Let q(x) = 7*x**2 - 2*x + 17. Calculate q(3).
74
Let b(n) = n**3 + 5*n**2 + 4*n + 2. Determine b(-2).
6
Let j(i) = -15*i. Calculate j(-1).
15
Let d(x) = -x**3